t a(b) = -2*b**2 - 7*b + 7. What is a(q)?
-8
Suppose 4*o + 7 = 55. Let y(p) = o - 15 - p**2 + 16. What is y(0)?
13
Let h = 456313 - 456327. Let f(a) = 3*a - 4*a + 13 + 2*a. Determine f(h).
-1
Let d(x) = -24*x - 56. Let q(k) = 48*k + 137. Let g(a) = -7*d(a) - 3*q(a). Give g(2).
29
Let o be (1 - -2) + 0/2. Suppose -2*z - 5 = -o*z. Let b(r) = z*r - 6 - 3 - 2*r + 2. Determine b(5).
8
Let u be (-24)/(-8) - 2*6. Let l be ((-66)/u)/(4/18). Let h(w) = l*w - 20*w - 14*w - 2. Calculate h(-7).
5
Let a(n) = -n**3 - 6*n**2 - 4*n - 6. Suppose 3*f = 2*j - 33, -10*j - f = -11*j + 14. Let m(x) = 3 + 0*x + x - 2*x. Let y be m(j). Give a(y).
18
Suppose 2*w = o + 28, 4*o - 2*o = w - 8. Suppose 5*c = w - 1. Let d(g) be the second derivative of -g**3/6 - 3302*g. Determine d(c).
-3
Let h(u) = -2*u**2 - 6*u + 8. Suppose -235*j + 239*j - 19 = -5*a, 5*a - 23 = -3*j. Determine h(j).
0
Let i(s) = 36 - 2*s**2 - 31 - 4*s - 15 + 7. Give i(-6).
-51
Suppose 32 - 23 = -x. Let q be 6/18 - (-30)/x. Let i(t) = t**3 + 2*t**2 - 3*t. Determine i(q).
0
Let j(a) = -5*a**2 + 26*a - 3. Let z = 2509 + -2503. Determine j(z).
-27
Let l(j) = 9*j - 5. Let z(x) = 5*x - 2. Let k(w) = -6*l(w) + 11*z(w). Let o = 2798 - 2791. Calculate k(o).
15
Let p(g) = -31*g + 62. Suppose 5*s + 4 = -2*f, -5*s - 4*f = -4*s + 26. What is p(s)?
0
Let h(t) = 14*t - 41*t + 10*t - 3 + 7*t + 6*t. Let z(v) = v - 10. Let m be z(6). What is h(m)?
13
Let k(m) = 25775*m - 77040*m + 25765*m + 25674*m + 703. What is k(-4)?
7
Let r = -34304 - -34307. Let k(n) = 7*n + 22. Determine k(r).
43
Let z(i) = i**3 - 5*i**2 - i + 5. Let r be 3 + (28 - 5)*9. Let p = 215 - r. Calculate z(p).
0
Let g(k) = -27*k**2 + 15 + 25*k - 258*k**3 + 152*k**3 + 107*k**3. Give g(26).
-11
Let b(q) = q - 2931345 - q**3 + 2931316 + 38*q**2 + 0*q**3. What is b(38)?
9
Let o(l) = -l + 110. Let c = 4500 + -4500. Calculate o(c).
110
Suppose -16*m = -14*m - 6. Suppose m*w + w = 3*o + 37, 0 = -w - 4*o - 5. Let u(i) = i**2 - 6*i - 3. Determine u(w).
4
Let o(u) be the second derivative of 11*u + 1/12*u**4 + 1/3*u**3 - 3*u**2 + 0. Let a be (-1)/(-6) - (-744)/(-144). Calculate o(a).
9
Let r(d) be the second derivative of d**4/12 + d**3/3 + 10*d. Suppose -2*q + 0 = 4. What is r(q)?
0
Let a(u) = -u**3 + 8*u**2 - 8*u + 5. Let i(h) = -13*h + 93. Let q be i(7). Suppose -4*y + 38 = -5*p, -p + 0*p = q. Give a(y).
-2
Let p = -49 + 69. Let n(m) = -p*m**2 - 36 - m**3 - 8*m + 2*m**2 + m - 12*m. Let t be n(-17). Let a(s) = 4*s + 1. What is a(t)?
-7
Suppose 3*t - 5*n - 1 = -0, 5*t - 3*n = 7. Let h(x) = -6*x + 0*x - 41 + 48 + t*x. Give h(7).
-21
Let j(o) be the third derivative of o**2 + 78 + 0*o + 3/8*o**4 + 1/3*o**3. Determine j(2).
20
Let z(l) = l**2 - 38*l + 187. Suppose -5*o + 166 = -3*r, -3*o + 88 = 22*r - 18*r. Give z(o).
-5
Suppose 2*i - 7*q + 5*q - 162 = 0, 4*q + 20 = 0. Let v = i - 79. Let s(d) = -d**3 - 3*d**2 + 2. What is s(v)?
2
Let r be (19 + (-390)/20)/((-2)/(-24)). Let z = -13 - -1. Let y be (9/z)/(r/(-48)). Let a(q) = q**2 + 5*q. Calculate a(y).
6
Let u(l) = l**3 - 2*l**2 - 2*l - 12. Let g be ((-10)/(-25))/(-5 - 248/(-40))*0. Give u(g).
-12
Let y(c) = -25*c + 7*c**2 + 15 - 6*c**2 - 17*c + 36*c. Determine y(10).
55
Let k(o) = 12*o - 4. Let f = -3258 - -3257. Give k(f).
-16
Let m(g) = 4*g**3 + 9*g**2 - 1. Let z(b) = 3*b**3 + 8*b**2 - 2. Let q(x) = -2*m(x) + 3*z(x). Let f be q(-6). Let l(j) = j**2 - j + 5. What is l(f)?
25
Let i = 81 + -77. Let g(v) = 85 - 41 - 48 - i*v. Give g(3).
-16
Let q(n) = 37*n**2 - 59*n + 16. Let r be q(1). Let j(l) = -4*l - 22. What is j(r)?
2
Let c(h) be the first derivative of -2*h**3/3 - h**2 - h + 7. Suppose 0 = -9*d + 26*d + 102. Let m be (-3)/2*(-4)/d. Determine c(m).
-1
Suppose -4*i + 12*i = 40. Suppose -i*y = -11*y + 60. Let u(p) be the first derivative of -p**4/4 + 3*p**3 + 11*p**2/2 - 14*p + 1. Calculate u(y).
-4
Let t(q) = -5*q**2 + 152*q - 55. Suppose 0 = -3*n - 783*k + 786*k + 93, -149 = -5*n - k. Calculate t(n).
5
Let n(a) be the second derivative of 9*a**5/20 - a**4/12 - a**3/2 + 3*a**2/2 - a - 1616. Give n(2).
65
Let b(f) = f**2 + 6*f + 7. Let j be b(-6). Let i(d) = 2*d - 18. Let k be i(j). Let g(a) = 6*a + 1. Calculate g(k).
-23
Let v(m) = -11*m**3 + 3*m**2 + 4. Let l(k) = 7*k**2 - 121 - 14*k**3 - 4*k**2 + 126. Let r(x) = 4*l(x) - 5*v(x). What is r(-3)?
0
Let x(u) = -u**2 - u + 7. Let c(j) = 3*j**2 - 6. Let r(q) = -13*q**2 + q + 22. Let w(z) = 18*c(z) + 4*r(z). Let m(o) = 3*w(o) + 8*x(o). What is m(2)?
-4
Let m = 9754 - 9752. Let c(b) be the first derivative of -b**m + b - 16 - 13/3*b**3. Determine c(1).
-14
Let w be (-1 - 1 - -1) + 33. Let h(i) = i**3 - 31*i**2 - 34*i + 62. Let n be h(w). Let d(x) = -2*x**2 - 2*x + 2. Determine d(n).
-2
Let i(b) = b**3 - 9*b**2 + 8*b + 7. Let d be i(8). Let t(y) be the second derivative of y**3/3 - 3*y**2/2 + 42*y - 8. Give t(d).
11
Let j(f) = 490 + 2*f**2 + f + 541 - 1035. Determine j(-4).
24
Let h(k) = -k**3 - 5*k**2 - k + 1. Suppose -l - 9 = -2*u, -4*l + 5*u = -11 + 38. Let x be l/((6/(-10))/3). Suppose 11*c + 7 = -x. What is h(c)?
-9
Let w = 222 - 221. Suppose w - 1 = 6*u. Let l(r) = -r**2 - r - 18. Determine l(u).
-18
Let p(l) be the first derivative of 22 + 10*l - 3/2*l**2. Suppose 2 + 12 = 2*i. What is p(i)?
-11
Let v(a) = 7*a + 138. Let x(c) = 3*c + 137. Let g(p) = -3*v(p) + 4*x(p). What is g(13)?
17
Let f = 848 - 841. Suppose 0 = -4*z + 2*z + 2. Let j(c) = 1 - c**3 - z + 6*c**2 - 3 - 6 + 9*c. Determine j(f).
5
Let a(c) = 172 - 10*c**3 - 7*c**2 + 5*c**3 - 338 + 172 + 6*c**3. Give a(7).
6
Suppose 62 = -4*x - 3*q, 4*x - q = -58 + 36. Let g(t) = -t**2 + 0 - 8*t + 5 - 3. Determine g(x).
2
Let m(h) = h**3 + 3*h**2 - 3*h. Let c be m(-4). Let n(r) = 5*r**3 + 14*r - 4 + 24*r - 4*r**3 + 31*r - 64*r + 5*r**2. Give n(c).
-8
Let l(b) = 87 + 36 - 7*b + 16*b + 39 - 18*b. Give l(17).
9
Let v(d) = d**2 + d - 1. Let a(s) = -2*s - 2*s**2 - 4 + 7 - s**2 - 5*s - s**2. Let x(j) = -a(j) - 3*v(j). Calculate x(-3).
-3
Suppose -f = -0*w - 5*w, 0 = 2*w - 5*f. Suppose w*s - s + 2 = 0. Let i(j) = -11*j**s + 7 - 7. Calculate i(-1).
-11
Let w(a) = 12*a - 8*a**2 + a - 57 - 20*a - a**3. Determine w(-8).
-1
Let q(x) = 3*x**3 - x**2 - 3*x + 2. Suppose -11*n + 8*n + 12 = 2*j, -5*j = 0. Suppose -4*b + 2 = -3*z, -5*z + 8 = b - n. What is q(b)?
16
Let p = -12 + 11. Let b(c) = -9*c - 2. Let w be b(p). Suppose -w*z - 2*z = -9. Let m(x) = 2*x**2 + x - 1. Calculate m(z).
2
Let c(m) be the third derivative of -7/24*m**4 + 0 + 1/120*m**6 + 1/12*m**5 + 58*m**2 + 0*m + 1/6*m**3. Determine c(-6).
7
Suppose 0 = -3*b - 18 + 6. Let f(z) be the third derivative of 1/6*z**3 - 13*z**2 - 1/60*z**5 + 0*z + 0 - 1/8*z**4. Calculate f(b).
-3
Let n be (-1475)/15*(-9)/(0 + -3). Let x = 297 + n. Let y(m) = -5*m + 2. What is y(x)?
-8
Let a be (-341)/(-93) + (-208)/24. Let k(c) = 9*c + 6. Let d(u) = 8*u + 5. Let m(s) = 7*d(s) - 6*k(s). Give m(a).
-11
Let k(c) = c**2 + 6*c + 5. Let y be -75*506/(-805) + 1/(-7). Let s = -6 - -8. Suppose -s*i - y = -35. Calculate k(i).
5
Let z(f) = 2*f**3 - 191*f**2 + 96*f - 91. Let a be z(95). Let m(r) = -2*r**3 + 5*r**2 - 4*r. Give m(a).
-64
Let g(w) = -21*w + 20*w + 6 + w + w. What is g(6)?
12
Let a(i) = i - 26. Suppose 0 = 19*m - 1499 - 40. Suppose -12*c + m + 99 = 0. Give a(c).
-11
Let d(v) be the third derivative of 23*v**6/120 - v**4/12 + v**3/3 - 5230*v**2. What is d(1)?
23
Let i(p) = p**3 - 18*p**2 + 22*p + 4. Let v(w) = -152*w + 7465. Let f be v(49). Determine i(f).
89
Suppose -60*g - 108 = -57*g + 5*s, 5*g - 4*s = -106. Let k(w) = -w - 29. Calculate k(g).
-3
Suppose 5*j + 5 = -y, y = 4*j - y + 4. Let x(n) = -4*n**2 + 48*n - 47. Let z be x(10). Let h(k) = -64 + z + 31 - 9*k**2 + 3*k**2. What is h(j)?
-6
Let d be 192/10 + 36/45. Let j(x) = 5*x**2 - 43 + d + 22*x**2 + 24. Determine j(1).
28
Let y(i) = 2*i + 4. Suppose -4946 = 5*d - 2*o, -4*o + 8258 = -5*d + 3306. Let l be 2/(-6) + d/(-39). Suppose -4*f = -h + l, 0 = 2*h + 1 - 3. What is y(f)?
-8
Let x(o) = -19*o**3 - 7 - 52*o**3 + 3*o + 72*o**3 + 6*o**2 - 26*o. Give x(-8).
49
Let c(k) = 2*k**3 + 14*k**2 - 17*k - 1. Suppose 80 = -9*x - x. Let z be c(x). Let h(m) = -10*m - m**2 + 3*m**2 - 3 - z - m**2. Determine h(11).
1
Suppose 14 = -4*a + 18. Let y(b) = 17 - 17 - b**2 - a - 2*b - 2*b**3. Give y(-2).
15
Let j(z) = -17*z - 19 + 30*z - 12*z. Let g be 